{"id":60,"date":"2018-09-28T21:26:59","date_gmt":"2018-09-28T19:26:59","guid":{"rendered":"http:\/\/aurisbrunensis.cz\/wordpress\/?page_id=60"},"modified":"2018-10-14T12:33:07","modified_gmt":"2018-10-14T10:33:07","slug":"pro-verejnost","status":"publish","type":"page","link":"https:\/\/aurisbrunensis.cz\/wordpress\/pro-verejnost\/","title":{"rendered":"Pro ve\u0159ejnost"},"content":{"rendered":"\n<h2 class=\"wp-block-heading\"><em>LOGOTYP<\/em><\/h2>\n\n\n\n<div class=\"wp-block-file\"><a href=\"http:\/\/aurisbrunensis.cz\/wordpress\/wp-content\/uploads\/2018\/09\/kul_1.1_b-1.png\">Logo kulat\u00e9<\/a><a href=\"http:\/\/aurisbrunensis.cz\/wordpress\/wp-content\/uploads\/2018\/09\/kul_1.1_b-1.png\" class=\"wp-block-file__button\" download=\"Logo kulat\u00e9\">Download<\/a><\/div>\n\n\n\n<div class=\"wp-block-file\"><a href=\"http:\/\/aurisbrunensis.cz\/wordpress\/wp-content\/uploads\/2018\/09\/main-1.png\">Logo velk\u00e9<\/a><a href=\"http:\/\/aurisbrunensis.cz\/wordpress\/wp-content\/uploads\/2018\/09\/main-1.png\" class=\"wp-block-file__button\" download=\"Logo velk\u00e9\">Download<\/a><\/div>\n\n\n\n<h2 class=\"wp-block-heading\"><em>PROGRAMY KE STA\u017dEN\u00cd<\/em><\/h2>\n\n\n\n<h2 class=\"wp-block-heading\" id=\"mce_6\"><em>REPREZENTATIVN\u00cd FOTOGRAFIE<\/em><\/h2>\n","protected":false},"excerpt":{"rendered":"<p>LOGOTYP PROGRAMY KE STA\u017dEN\u00cd REPREZENTATIVN\u00cd FOTOGRAFIE<\/p>\n","protected":false},"author":1,"featured_media":0,"parent":0,"menu_order":0,"comment_status":"closed","ping_status":"closed","template":"","meta":{"_kad_post_transparent":"","_kad_post_title":"","_kad_post_layout":"","_kad_post_sidebar_id":"","_kad_post_content_style":"","_kad_post_vertical_padding":"","_kad_post_feature":"","_kad_post_feature_position":"","_kad_post_header":false,"_kad_post_footer":false,"_kad_post_classname":"","footnotes":""},"class_list":["post-60","page","type-page","status-publish","hentry"],"_links":{"self":[{"href":"https:\/\/aurisbrunensis.cz\/wordpress\/wp-json\/wp\/v2\/pages\/60","targetHints":{"allow":["GET"]}}],"collection":[{"href":"https:\/\/aurisbrunensis.cz\/wordpress\/wp-json\/wp\/v2\/pages"}],"about":[{"href":"https:\/\/aurisbrunensis.cz\/wordpress\/wp-json\/wp\/v2\/types\/page"}],"author":[{"embeddable":true,"href":"https:\/\/aurisbrunensis.cz\/wordpress\/wp-json\/wp\/v2\/users\/1"}],"replies":[{"embeddable":true,"href":"https:\/\/aurisbrunensis.cz\/wordpress\/wp-json\/wp\/v2\/comments?post=60"}],"version-history":[{"count":5,"href":"https:\/\/aurisbrunensis.cz\/wordpress\/wp-json\/wp\/v2\/pages\/60\/revisions"}],"predecessor-version":[{"id":190,"href":"https:\/\/aurisbrunensis.cz\/wordpress\/wp-json\/wp\/v2\/pages\/60\/revisions\/190"}],"wp:attachment":[{"href":"https:\/\/aurisbrunensis.cz\/wordpress\/wp-json\/wp\/v2\/media?parent=60"}],"curies":[{"name":"wp","href":"https:\/\/api.w.org\/{rel}","templated":true}]}}